True
Is 55 a factor of 63635?
True
Is 71 a factor of 46013?
False
Is 1498 a multiple of 14?
True
Is 16 a factor of 9193?
False
Is 5 a factor of 79?
False
Is 60 a multiple of 4?
True
Is 1437 a multiple of 14?
False
Does 15 divide 9126?
False
Is 37 a factor of 518?
True
Is 6 a factor of 622?
False
Is 23 a factor of 1382?
False
Is 5575 a multiple of 20?
False
Does 203 divide 2698?
False
Does 3 divide 11461?
False
Is 16 a factor of 12791?
False
Is 34 a factor of 2152?
False
Is 6532 a multiple of 20?
False
Does 20 divide 580?
True
Is 1546 a multiple of 93?
False
Is 4324 a multiple of 47?
True
Does 13 divide 14027?
True
Is 22 a factor of 418?
True
Is 19158 a multiple of 31?
True
Is 10 a factor of 7700?
True
Is 2856 a multiple of 51?
True
Is 4862 a multiple of 70?
False
Does 13 divide 22780?
False
Is 11740 a multiple of 5?
True
Does 17 divide 2669?
True
Is 1904 a multiple of 56?
True
Is 27380 a multiple of 185?
True
Is 12 a factor of 1234?
False
Does 44 divide 7494?
False
Does 15 divide 312?
False
Is 280 a multiple of 8?
True
Is 16 a factor of 47633?
False
Is 6460 a multiple of 76?
True
Is 1121 a multiple of 18?
False
Does 28 divide 868?
True
Does 61 divide 12810?
True
Does 127 divide 2761?
False
Is 18220 a multiple of 161?
False
Does 84 divide 36288?
True
Is 8 a factor of 4088?
True
Does 34 divide 5485?
False
Is 14 a factor of 42652?
False
Does 13 divide 676?
True
Is 11 a factor of 4290?
True
Is 99 a factor of 3663?
True
Is 158 a factor of 62403?
False
Is 44 a factor of 63420?
False
Is 23 a factor of 715?
False
Is 6 a factor of 65?
False
Is 14 a factor of 1109?
False
Does 7 divide 2554?
False
Does 39 divide 23635?
False
Does 3 divide 67?
False
Is 1429 a multiple of 5?
False
Is 22324 a multiple of 192?
False
Is 126 even?
True
Is 4923 a multiple of 30?
False
Is 4957 a multiple of 70?
False
Is 35 a factor of 23345?
True
Is 56 a factor of 6552?
True
Is 12288 a multiple of 96?
True
Does 15 divide 450?
True
Does 6 divide 6507?
False
Does 3 divide 12137?
False
Does 66 divide 30558?
True
Is 28 a multiple of 4?
True
Is 11798 a multiple of 2?
True
Is 50 a factor of 868?
False
Is 20 a factor of 302?
False
Does 26 divide 2158?
True
Does 47 divide 1083?
False
Does 13 divide 364?
True
Is 43 a factor of 344?
True
Does 65 divide 4904?
False
Is 40 a factor of 1687?
False
Is 7995 a multiple of 75?
False
Is 13 a factor of 1196?
True
Does 21 divide 88?
False
Does 146 divide 2948?
False
Is 2 a factor of 63?
False
Is 4 a factor of 51?
False
Is 4 a factor of 204?
True
Does 23 divide 1173?
True
Is 1075 a multiple of 6?
False
Does 13 divide 2392?
True
Does 112 divide 2331?
False
Is 34 a factor of 8425?
False
Is 99 a factor of 5544?
True
Is 35 a factor of 7192?
False
Does 43 divide 373?
False
Is 49 a factor of 1750?
False
Is 7 a factor of 896?
True
Is 54 a factor of 11042?
False
Is 9 a factor of 4518?
True
Is 2794 a multiple of 127?
True
Does 65 divide 5091?
False
Is 17484 a multiple of 104?
False
Is 296 a multiple of 2?
True
Does 29 divide 570?
False
Does 40 divide 34000?
True
Is 22 a factor of 1188?
True
Is 277 a factor of 73217?
False
Is 78 a factor of 20408?
False
Is 3243 a multiple of 19?
False
Is 7680 a multiple of 32?
True
Is 3923 a multiple of 10?
False
Is 7 a factor of 535?
False
Is 57117 a multiple of 79?
True
Is 4860 a multiple of 18?
True
Does 56 divide 2240?
True
Is 380 a multiple of 6?
False
Is 87 a factor of 8364?
False
Is 945 a multiple of 27?
True
Is 117107 a multiple of 181?
True
Is 5597 a multiple of 24?
False
Is 10 a factor of 490?
True
Does 11 divide 149?
False
Is 3 a factor of 4569?
True
Is 149 a factor of 15170?
False
Is 106 a factor of 954?
True
Is 8 a factor of 6440?
True
Is 24 a factor of 384?
True
Does 9 divide 760?
False
Does 23 divide 2070?
True
Is 387 a multiple of 7?
False
Does 102 divide 14076?
True
Does 3 divide 83?
False
Is 4428 a multiple of 108?
True
Does 65 divide 14690?
True
Is 6377 a multiple of 62?
False
Is 1950 a multiple of 10?
True
Is 27 a factor of 2226?
False
Is 110 a factor of 45430?
True
Is 609 a multiple of 10?
False
Is 35 a factor of 8448?
False
Does 22 divide 2827?
False
Is 3640 a multiple of 8?
True
Does 8 divide 307?
False
Is 2860 a multiple of 22?
True
Is 7 a factor of 924?
True
Is 645 a multiple of 54?
False
Is 5611 a multiple of 35?
False
Does 4 divide 11874?
False
Is 10 a factor of 41550?
True
Is 15 a factor of 6677?
False
Is 18216 a multiple of 132?
True
Is 950 a multiple of 38?
True
Is 12108 a multiple of 18?
False
Is 9 a factor of 14401?
False
Is 5143 a multiple of 37?
True
Is 16 a factor of 894?
False
Does 10 divide 2160?
True
Is 48 a factor of 9600?
True
Does 52 divide 15704?
True
Is 9450 a multiple of 10?
True
Is 37 a factor of 405?
False
Is 8 a factor of 145?
False
Does 4 divide 13895?
False
Is 80886 a multiple of 183?
True
Does 90 divide 10963?
False
Is 195 a multiple of 13?
True
Is 464 a multiple of 29?
True
Is 55682 a multiple of 22?
True
Is 2 a factor of 161?
False
Is 2295 a multiple of 9?
True
Is 2830 a multiple of 17?
False
Does 6 divide 1314?
True
Is 81 a factor of 187?
False
Is 12878 a multiple of 47?
True
Does 118 divide 26786?
True
Is 10100 a multiple of 4?
True
Is 155 a factor of 76562?
False
Is 4590 a multiple of 9?
True
Is 38 a factor of 7530?
False
Is 11702 a multiple of 31?
False
Does 9 divide 192?
False
Is 53750 a multiple of 86?
True
Is 44 a factor of 9613?
False
Is 19140 a multiple of 55?
True
Is 1778 a multiple of 7?
True
Is 8077 a multiple of 6?
False
Does 157 divide 346?
False
Is 4 a factor of 10297?
False
Does 32 divide 961?
False
Does 19 divide 33326?
True
Is 23396 a multiple of 21?
False
Is 2940 a multiple of 10?
True
Does 7 divide 358?
False
Does 6 divide 138?
True
Does 169 divide 7191?
False
Does 7 divide 38640?
True
Is 527 a multiple of 17?
True
Does 47 divide 1457?
True
Does 19 divide 6945?
False
Does 45 divide 9476?
False
Is 118 a multiple of 2?
True
Does 20 divide 4960?
True
Is 1260 a multiple of 45?
True
Is 64752 a multiple of 152?
True
Is 13 a factor of 748?
False
Is 57 a factor of 388?
False
Is 696 a multiple of 29?
True
Is 696 a multiple of 3?
True
Is 27 a factor of 946?
False
Is 2763 a multiple of 28?
False
Does 40 divide 200?
True
Is 408 a multiple of 10?
False
Is 10 a factor of 640?
True
Does 162 divide 45916?
False
Is 112 a factor of 23856?
True
Does 41 divide 902?
True
Is 4 a factor of 1468?
True
Is 429 a multiple of 2?
False
Does 60 divide 4020?
True
Is 8 a factor of 1216?
True
Is 29106 a multiple of 378?
True
Does 16 divide 11877?
False
Does 39 divide 2197?
False
Is 50 a factor of 12438?
False
Is 85 a factor of 4420?
True
Is 2994 a multiple of 73?
False
Does 15 divide 41355?
True
Is 8 a factor of 13632?
True
Does 262 divide 34453?
False
Does 39 divide 663?
True
Does 109 divide 5669?
False
Is 2 a factor of 1045?
False
Is 8432 a multiple of 16?
True
Is 1734 a multiple of 34?
True
Is 6 a factor of 515?
False
Does 119 divide 20369?
False
Does 6 divide 666?
True
Is 71 a multiple of 5?
False
Is 21 a factor of 210?
True
Does 75 divide 18454?
False
Is 58032 a multiple of 26?
True
Is 2063 a multiple of 7?
False
Is 5 a factor of 7144?
False
Is 11 a factor of 11307?
False
Does 158 divide 32074?
True
Is 1338 a multiple of 6?
True
Is 148 a factor of 2476?
False
Is 8744 a multiple of 12?
False
Is 800 a multiple of 32?
True
Is 24 a factor of 5856?
True
Is 675 a multiple of 4?
False
Does 12 divide 1164?
True
Is 32 a factor of 19232?
True
Is 221 a multiple of 32?
False
Is 3192 a multiple of 57?
True
Is 684 a multiple of 10?
False
Is 15892 a multiple of 137?
True
Is 10044 a multiple of 54?
True
Is 9 a factor of 3665?
False
Does 11 divide 2838?
True
Does 29 divide 13050?
True
Does 188 divide 3261?
False
Does 76 divide 23156?
False
Does 2 divide 9436?
True
Does 19 divide 1444?
True
Does 2 divide 1703?
False
Is 2767 a multiple of 74?
False
Does 11 divide 53966?
True
Is 43 a factor of 946?
True
Is 5485 a multiple of 3?
False
Is 222 a multiple of 3?
True
Is 188 a factor of 7144?
True
Does 13 divide 245?
False
Does 58 divide 44782?
False
Is 879 a multiple of 2?
False
Is 38 a multiple of 2?
True
Does 8 divide 2784?
True
Is 47 a factor of 37685?
False
Does 21 divide 2079?
True
Does 10 divide 300?
True
Is 10 a factor of 417?
False
Does 17 divide 28736?
False
Is 71 a factor of 63270?
False
Is 9 